m(-3). Calculate the greatest common factor of y and o.
11
Suppose -144*s + 628*s = 43560. What is the greatest common divisor of s and 16440?
30
Let v = -31 - -71. Suppose 31*j + 8*j + 15210 = 0. Let d = 395 + j. What is the highest common factor of v and d?
5
Let x(w) = -2*w**3 + 45*w**2 + 565*w - 10. Let y be x(-9). What is the highest common divisor of 13432 and y?
8
Let d(c) = -2*c**3 - 5*c**2 - 7*c - 34. Let n be d(-7). Calculate the highest common factor of n and 40.
8
Let n = 281 + -163. Suppose -2*p + n = -10. What is the highest common divisor of 64 and p?
64
Suppose 0 = -3*d + 2*d - 12. Let g = -10 - d. Suppose g*w - 392 + 122 = 0. What is the greatest common divisor of w and 27?
27
Let u be 1/(((-2)/(-9)*-1)/2). Suppose -5*t = -2*r - r + 14, -4*r + 16 = -4*t. Let g be r*((-300)/u - (1 - 1)). What is the greatest common factor of 20 and g?
20
Let n = 56 + -28. Suppose -79*d + 294 = -78*d. Calculate the highest common divisor of n and d.
14
Suppose -39*v + v = 15*v - 32383. What is the greatest common factor of v and 481?
13
Suppose -1242 = 10*p + 1608. Let b be (8/20)/((-6)/p). What is the highest common factor of 247 and b?
19
Let i(u) = -u**2 - 4*u - 12. Let m be i(-8). Let x = 41 + m. Let a(v) = -v**3 - 4*v**2 - 3*v + 2. Let q be a(x). What is the greatest common factor of q and 2?
2
Suppose -3*r + 15 = 0, 6*w + 570 = w + 3*r. Let v = -95 - w. Calculate the greatest common factor of 40 and v.
8
Suppose 2*v - 6*v + 71 = 3*j, 3*v - 2*j = 66. Let y be ((-24)/v)/(21/350)*-2. What is the highest common divisor of y and 520?
40
Suppose 3*n + x = -4*x + 15, 0 = -4*n + 3*x + 20. Suppose 2*s = -5*b + 60, 5*b + n*s = -0*s + 60. What is the greatest common factor of 108 and b?
12
Let t be 760/836 - 2590/(-55). Calculate the greatest common factor of t and 9384.
24
Suppose 2*x - 3*i - 4347 = 0, 5*i = 15*x - 19*x + 8705. Calculate the greatest common factor of 261 and x.
87
Suppose 3*j = -j - 3*s + 121, -3*s + 37 = j. Let g(c) = -3 + 1378*c**2 - 1376*c**2 + 5*c - 6*c. Let d be g(5). Calculate the highest common factor of j and d.
14
Suppose 13*l - 10*l = -w + 5, -2*l + 4*w = -22. Suppose -3*z = -6*z + 6. Let n be 273/7*z/l. Calculate the highest common divisor of n and 130.
26
Let t(d) = -d**2 - 2*d + 238. Let p be t(-15). Calculate the highest common factor of p and 301.
43
Let f = 2 - -10. Let i be -2*(11 - 17 - 0). What is the highest common divisor of i and f?
12
Let o(g) = -2*g**2 - 116*g - 928. Let c be o(-10). Suppose 3*y + 8 = -52. Let z be (12/5)/((-6)/y). Calculate the greatest common factor of c and z.
8
Let i be (-2 + -1)*19/(-171)*3 - -923. What is the greatest common divisor of i and 532?
28
Suppose -12*h = -11*h - 4. Let t be (h + -1)/(-7 - (-312)/42). Let g = -212 - -303. What is the highest common factor of t and g?
7
Suppose 3*y - 4*t = 6270, 3*y - 3900 = -2*t + 2352. Calculate the greatest common divisor of 308 and y.
14
Suppose -1189*z + 996*z = -20265. Let g be (-21)/(-2*(-1)/(-4)). Calculate the greatest common factor of g and z.
21
Let h = 27853 - 27849. Calculate the highest common factor of h and 248.
4
Let p = -253 - -874. What is the highest common divisor of p and 5382?
207
Let w = 1263 + 114. What is the highest common divisor of 243 and w?
81
Suppose -k - 1 = 3*i + 7, -2*k = -3*i - 20. Let q be 6/k*(294/9 + -2). Calculate the highest common factor of 46 and q.
46
Suppose -5*i = -5*b - 15950, 12*i - 6392 = 10*i + 5*b. Calculate the highest common factor of i and 54.
54
Let f = -2302 + 1044. Let u = -808 - f. Suppose -u = -2*w + 144. Calculate the highest common factor of w and 33.
33
Let k(v) = -7*v - 13*v + 6*v + 0*v + 17 + 253. Let r be k(6). What is the greatest common factor of 124 and r?
62
Suppose 0 = 10*i - 12*i + 26. Suppose -39*o + 14 = -37*o. Let t(n) = n**2 + n - 17. Let z be t(o). What is the greatest common factor of z and i?
13
Let k = 17281 + -17204. Calculate the highest common divisor of k and 55.
11
Suppose -2*a - r = -3245, -a + 6*r - 10*r = -1619. Calculate the highest common factor of 3 and a.
3
Let z(o) = -o**3 + 10*o**2 - 9*o - 2. Let k be z(7). Suppose -4*v - b = -4*b - 167, 121 = 3*v + 2*b. Calculate the greatest common factor of k and v.
41
Let c(k) be the second derivative of 7*k**3/6 - 20*k**2 + 37*k. Let t be c(16). What is the greatest common divisor of t and 48?
24
Suppose 0 = -3*f - f - f + 600. What is the highest common factor of f and 155?
5
Let t be (-2 + 1*(-25)/(-10))*0. Suppose t = -5*c - x + 517, 2*c + x = -c + 309. Calculate the highest common factor of 8 and c.
8
Suppose -50*l - 7138 = -4170 - 22918. Calculate the highest common divisor of 4123 and l.
133
Let f(k) = 2*k + 480 - 449 + 6*k. Let t be f(4). Calculate the greatest common factor of 7 and t.
7
Suppose -7*d + 1375 = -3098. Let u = d - 622. Let l(v) = 33*v + 2. Let j be l(2). Calculate the greatest common factor of j and u.
17
Suppose -2*y + 26 - 2 = 0. Let t = -197 + 395. Let v = 210 - t. What is the highest common divisor of y and v?
12
Let v(o) be the first derivative of -o**3/3 - 2*o**2 + 12*o + 32. Let p be v(-14). Let t = -85 - p. Calculate the greatest common divisor of t and 215.
43
Suppose -p = -1 + 2. Let i(m) be the first derivative of 22*m**3/3 - m**2/2 - m + 280. Let r be i(p). Calculate the greatest common divisor of 110 and r.
22
Let w be -6250*(2/14 - (-518)/(-196)). What is the highest common divisor of w and 50?
25
Let y be (-118)/(-8) - 3/((-216)/90). Calculate the highest common factor of 148 and y.
4
Let n be 60/(7 - (9 - 4)). Let t(x) = x**3 - 8*x**2 + 7*x + 6. Let z be t(7). Let d be 40/10*z/4. What is the greatest common divisor of d and n?
6
Let x be 24/(-16)*3752/(-12). Let i = -339 + x. Calculate the greatest common factor of 26 and i.
26
Suppose -11*c = 39*c + 31650. Let d = 664 + c. What is the highest common factor of d and 3?
1
Let o(x) = -x**3 + 4*x**2 - 7*x + 5. Let a be o(2). Let g be a + 18 - -1*4. Calculate the greatest common factor of g and 84.
21
Suppose -5*o + 185 = c - 35, -4*c - 4*o + 816 = 0. Calculate the greatest common factor of 475 and c.
25
Suppose -68 + 613 + 833 = 53*n. Calculate the greatest common factor of 18 and n.
2
Suppose 12*i = -5 - 811. Let y = i + 74. Suppose j = -0*j + 30. Calculate the highest common factor of y and j.
6
Suppose -150 = 5*j - 165. Suppose 0 = 5*l + j*f - 5771, -2*f = -3*l - 3*f + 3465. Calculate the greatest common divisor of 68 and l.
68
Let g = -262 + 178. Let b = g + 31. Let n = 173 + b. Calculate the greatest common divisor of n and 48.
24
Let i be (-25)/((-1875)/210)*10. Let h be (-114)/(-10) - (-3)/5. What is the highest common divisor of i and h?
4
Let d = 2291 + -2203. Calculate the greatest common divisor of d and 128.
8
Let h(d) = 3*d**2 + 2*d - 11. Suppose 2*r + 18 = -2*g + 4*r, 2*g + 2 = -2*r. Let k be h(g). Calculate the highest common divisor of k and 270.
54
Suppose -84*s = 584 - 11336. What is the greatest common divisor of 15616 and s?
128
Let p = 900 + -41. Let s = p - 827. Calculate the greatest common divisor of 4 and s.
4
Suppose j + 4433 - 10458 = 0. What is the greatest common divisor of 50 and j?
25
Let z = 5336 + -5328. Calculate the greatest common divisor of z and 256.
8
Let o(b) be the third derivative of b**5/20 - 5*b**4/12 - 28*b**3/3 + 2*b**2 - 100. Let v be o(12). What is the greatest common divisor of v and 8?
8
Suppose -384 = -2*c - 5*u + 440, -2*c - 3*u = -832. Let p = c - 362. What is the highest common divisor of p and 15?
15
Let r(d) = d**3 + 25*d**2 + 39*d - 17. Let t be r(-23). What is the greatest common divisor of 4176 and t?
144
Suppose 3 - 1 = j, 5*j = -3*y + 31. Suppose -5*v + 2 = y, 4*g - 3*v = 99. Calculate the greatest common divisor of 48 and g.
24
Suppose -5*m + 2 = -13. Let h be m/15*0 - -130. Calculate the greatest common factor of h and 10.
10
Let t be ((-68)/(-12) - 4)/((-3)/(-18)). Suppose 5*c + t = l - 7, -23 = -2*l - c. Calculate the highest common divisor of l and 3.
3
Let n = -40 + 43. Suppose 4*g - 33 = n*o, 5*g + 2*o = 2*g + 46. What is the greatest common factor of 324 and g?
12
Let z be (-5 + 40/16)/(3/(-774)). What is the highest common factor of z and 172?
43
Let d(b) = -600*b - 134. Let z be d(-4). Calculate the highest common divisor of z and 1442.
206
Let m(b) = -6*b